s digit of 60895186?
5
What is the millions digit of 270939610?
0
What is the hundred millions digit of 139038105?
1
What is the hundreds digit of 4535328066?
0
What is the ten millions digit of 18495982?
1
What is the hundreds digit of 2265777301?
3
What is the ten thousands digit of 2785655?
8
What is the hundred thousands digit of 19950263?
9
What is the units digit of 544963839?
9
What is the millions digit of 122877089?
2
What is the hundreds digit of 341969006?
0
What is the units digit of 325642657?
7
What is the hundred thousands digit of 44870531?
8
What is the units digit of 40753337?
7
What is the hundred thousands digit of 1071497386?
4
What is the thousands digit of 1648057108?
7
What is the units digit of 99169585?
5
What is the hundred millions digit of 178391851?
1
What is the thousands digit of 4135809362?
9
What is the hundred millions digit of 2987405453?
9
What is the ten millions digit of 2894525369?
9
What is the ten thousands digit of 2123315054?
1
What is the hundred millions digit of 1693888847?
6
What is the units digit of 12392463?
3
What is the hundred millions digit of 135161929?
1
What is the hundred thousands digit of 3383242?
3
What is the ten thousands digit of 3575013102?
1
What is the hundred thousands digit of 1218562692?
5
What is the units digit of 369953728?
8
What is the hundred millions digit of 293631705?
2
What is the hundreds digit of 95797772?
7
What is the tens digit of 151591668?
6
What is the ten thousands digit of 24855966?
5
What is the hundred millions digit of 4475077273?
4
What is the ten millions digit of 1548717060?
4
What is the tens digit of 178351456?
5
What is the thousands digit of 40160103?
0
What is the units digit of 78636131?
1
What is the hundreds digit of 29953485?
4
What is the hundred millions digit of 169246371?
1
What is the thousands digit of 85068036?
8
What is the tens digit of 75287498?
9
What is the units digit of 1935408299?
9
What is the ten millions digit of 4665285856?
6
What is the ten millions digit of 841160629?
4
What is the ten millions digit of 35479643?
3
What is the units digit of 175462508?
8
What is the ten thousands digit of 496354231?
5
What is the hundreds digit of 537688136?
1
What is the units digit of 157152015?
5
What is the hundred thousands digit of 37570949?
5
What is the hundreds digit of 776160267?
2
What is the units digit of 3395276828?
8
What is the ten thousands digit of 123445482?
4
What is the millions digit of 40949496?
0
What is the thousands digit of 31350974?
0
What is the hundreds digit of 46274987?
9
What is the ten millions digit of 257475486?
5
What is the hundred thousands digit of 89585835?
5
What is the millions digit of 293426909?
3
What is the ten millions digit of 87473057?
8
What is the hundred thousands digit of 90908536?
9
What is the ten thousands digit of 53888341?
8
What is the thousands digit of 106912607?
2
What is the millions digit of 36974138?
6
What is the hundred millions digit of 275494844?
2
What is the tens digit of 339443670?
7
What is the ten thousands digit of 1968018534?
1
What is the units digit of 4128808221?
1
What is the millions digit of 154693261?
4
What is the thousands digit of 550595339?
5
What is the hundreds digit of 6567033?
0
What is the hundreds digit of 198028557?
5
What is the hundred thousands digit of 1671514362?
5
What is the millions digit of 6837293473?
7
What is the ten millions digit of 185377986?
8
What is the tens digit of 85172764?
6
What is the thousands digit of 9292162?
2
What is the millions digit of 322564962?
2
What is the thousands digit of 7690523125?
3
What is the millions digit of 100566552?
0
What is the ten thousands digit of 537198577?
9
What is the hundred millions digit of 178497674?
1
What is the ten thousands digit of 9453023?
5
What is the tens digit of 1186063680?
8
What is the thousands digit of 731205358?
5
What is the hundred thousands digit of 935275031?
2
What is the ten thousands digit of 55083741?
8
What is the thousands digit of 4618259877?
9
What is the hundred thousands digit of 7256783?
2
What is the units digit of 221180779?
9
What is the millions digit of 323805650?
3
What is the ten thousands digit of 213474227?
7
What is the ten millions digit of 289408038?
8
What is the ten thousands digit of 58458790?
5
What is the hundred thousands digit of 726603048?
6
What is the units digit of 63677302?
2
What is the ten millions digit of 794230267?
9
What is the tens digit of 107743192?
9
What is the ten thousands digit of 1102235120?
3
What is the thousands digit of 21294006?
4
What is the millions digit of 151684786?
1
What is the thousands digit of 69495766?
5
What is the units digit of 219452284?
4
What is the hundreds digit of 184744508?
5
What is the ten thousands digit of 1723279099?
7
What is the millions digit of 2741367047?
1
What is the hundred thousands digit of 11048470?
0
What is the hundred millions digit of 197134389?
1
What is the hundreds digit of 169037499?
4
What is the hundreds digit of 902527531?
5
What is the hundred thousands digit of 11649908?
6
What is the hundred thousands digit of 40616179?
6
What is the tens digit of 258743569?
6
What is the hundred thousands digit of 21161226?
1
What is the ten millions digit of 295238396?
9
What is the thousands digit of 656691570?
1
What is the hundred thousands digit of 406827556?
8
What is the ten millions digit of 877156211?
7
What is the millions digit of 6427774?
6
What is the ten thousands digit of 77893042?
9
What is the hundred thousands digit of 158428475?
4
What is the ten thousands digit of 76621752?
2
What is the millions digit of 127370086?
7
What is the hundred thousands digit of 258992807?
9
What is the tens digit of 148449232?
3
What is the tens digit of 29451645?
4
What is the hundred thousands digit of 182161051?
1
What is the hundred thousands digit of 343822767?
8
What is the hundreds digit of 1064356536?
5
What is the units digit of 201351781?
1
What is the units digit of 2235797261?
1
What is the hundred thousands digit of 616018902?
0
What is the ten millions digit of 5855511041?
5
What is the units digit of 20455484?
4
What is the ten millions digit of 3548160902?
4
What is the thousands digit of 239890094?
0
What is the hundreds digit of 96994121?
1
What is the hundreds digit of 543150392?
3
What is the hundreds digit of 1079618654?
6
What is the units digit of 3525317237?
7
What is the hundreds digit of 263431208?
2
What is the tens digit of 6598713455?
5
What is the ten millions digit of 722261727?
2
What is the hundred thousands digit of 1188501744?
5
What is the hundreds digit of 309783112?
1
What is the tens digit of 2467818450?
5
What is the hundreds digit of 240102358?
3
What is the tens digit of 3688107099?
9
What is the tens digit of 182148317?
1
What is the thousands digit of 95485598?
5
What is the hundreds digit of 101381215?
2
What is the thousands digit of 307728311?
8
What is the units digit of 43951545?
5
What is the hundred thousands digit of 241714960?
7
What is the thousands digit of 51231134?
1
What is the hundred thousands digit of 524924551?
9
What is the ten thousands digit of 8204454103?
5
What is the ten thousands digit of 2514846410?
4
What is the millions digit of 63164842?
3
What is the tens digit of 899765956?
5
What is the units digit of 1728207299?
9
What is the ten thousands digit of 3618897549?
9
What is the ten thousands digit of 22382473?
8
What is the ten millions digit of 353163558?
5
What is the tens digit of 3892481957?
5
What is the thousands digit of 10081559?
1
What is the thousands digit of 484447567?
7
What is the units digit of 63772491?
1
What is the millions digit of 73929393?
3
What is the hundred millions digit of 106863317?
1
What is the tens digit of 4034153898?
9
What is the hundred thousands digit of 16419525?
4
What is the hundred millions digit of 2990259624?
9
What is the hundred millions digit of 176028197?
1
What is the thousands digit of 1524293938?
3
What is the hundred thousands digit of 2790210202?
2
What is the ten millions digit of 579902265?
7
What is the hundred thousands digit of 1351691971?
6
What is the thousands digit of 81281637?
1
What is the units digit of 56969561?
1
What is the millions d